2 - (2 + 5 + (-84 - -76)).
-21
What is 21 + -63 + (-7 - -122)?
73
What is -21 + (11 - 6) + (11 - 5) + -7?
-17
What is the value of 12 - (-43 + -16 + 36)?
35
What is the value of 53 + -2 + 2 + 1915 + -1910?
58
What is -112 - ((62 - 145) + 63)?
-92
What is 3 + (-1 + (-10 - -19) - -3) + -7?
7
What is the value of 55 - -67 - (175 - 159)?
106
What is the value of 32 + (-10 - -15 - -10) + -13 - -9?
43
34 + 0 + -77 + 5 - -79
41
Evaluate -115 - -55 - -19 - -31.
-10
Evaluate -1 + (13 - -48) + (7 - (11 - -9)).
47
What is the value of 4 + -5 + (185 - 194)?
-10
Evaluate (5 - -70) + 74 + -111.
38
Evaluate 152 + -148 + (-1 - 9) - -9 - -38.
41
168 + -139 - (-4 + 7 + 2 + (0 - -2))
22
Evaluate -2 - 0 - -11 - (29 + 7) - -4 - 0.
-23
Calculate (-1 + -8 + 26 - 9) + -9 + 1 - 0.
0
What is the value of (1 + -3 - -15) + (-13 - 11 - 5) + 75?
59
-28 - 104 - (16 + 1 + -2 + -6 + 3)
-144
What is the value of 24 - ((-26 - -20) + 13 - -28)?
-11
What is -251 + 258 - (-12 + -2) - 84?
-63
What is -302 - -278 - (-17 + (-1 - -6))?
-12
Calculate -1 + 0 + -65 + (-3 + -66 + 10 - -69).
-56
What is 90 + -83 - (-17 + (-4 - (-2 + 5) - -6))?
25
What is the value of -2 + (1 - 3) + (226 - 171 - 33)?
18
Calculate -27 + (21 - (-13 + 33 - 34)).
8
Calculate (32 - (-11 - -11) - -12) + -5 + 3 + -7.
35
(13 - (19 - 8)) + (6 - -3) - 33
-22
Evaluate 60 + -59 + 110 + -63.
48
What is the value of 22 + -19 + 9 + (4 - 6 - -14)?
24
Evaluate (86 - 0) + (-865 - -820).
41
(56 - (7 + 14)) + (5 - 1)
39
Calculate 34 - (-50 - -25 - -49) - (-3 + -46).
59
(5 - ((-16 - 66) + 35)) + (-15 - 0)
37
Evaluate -13 + 19 + -29 + (6 - (48 + 9 + -9)).
-65
What is the value of 16 - ((-35 - -14) + (14 - -7))?
16
Evaluate -4790 + 4846 + (1 - -2).
59
-43 + 64 + (-17 - (71 + 5))
-72
50 + 43 + -36 - 17
40
Evaluate (-11 - 1) + (5 - 32 - -15).
-24
Calculate 18 + 45 - 16 - (-37 - -74).
10
Calculate -10 - (-9 - (-1 + (-16 - -3))) - -69.
54
(3 - 60) + 172 - 53
62
What is 302 + -224 + (-6 - 1)?
71
Calculate -2311 + 2315 + -56 + 1.
-51
What is the value of -118 + -1 + 247 + 217 + -434?
-89
Evaluate (10 - (6 + -7) - -7 - -50) + -13.
55
What is the value of (-56 - -8) + 15 + (-6 - 1)?
-40
-147 + 145 - (23 - 2) - 79
-102
(-52 - -14 - -57) + (-1 - 23)
-5
What is the value of -96 + 339 + -123 - 102?
18
-61 + (-10 - 3) + -18 + 6 + -17 + 12
-91
Evaluate 0 - -21 - (0 + 15 + (-714 - -688)).
32
Calculate -38 - (-2 + -7 + -3 - (72 + -76)).
-30
What is the value of -10 + (0 - 36) + (-728 - -765) + (-116 - 1)?
-126
What is the value of (10 - 3 - (-43 + 46)) + -2 + (-11 - -22)?
13
What is 38 + -58 - (34 + 40) - (-1 + 5)?
-98
1510 + -1492 + 1 + -4 + 2 + 0
17
What is 11 - -1 - (38 - 34) - (-33 + -19 + -9)?
69
Calculate 108 - 21 - (5 + -7 + 6 + (-18 - -5)).
96
10 - (9 - (-25 - -69))
45
Calculate -2 + (-1 - -16) + (76 - 42) - (1 - 8).
54
Evaluate -26 + (0 - 3 - -26).
-3
What is 35 - 11 - (-39 - -33 - -6)?
24
(16 + -23 - (-8 + -22)) + 39
62
What is the value of 5 + -28 + (0 - -13) + 5?
-5
Evaluate 36 + (-11 - 13) + -2 + -21.
-11
-18 + (6 + -36 - -12) + 19 + 11 + 0
-6
Calculate -7 - (-12 + 5 + 72 + 0 - (29 + -23)).
-66
-5 + 69 + 1 + -34 - (0 + -21)
52
Evaluate 25 + -105 + 61 - 10.
-29
What is -2 + (8 - 16) - (1 - (-2 + -4) - -108)?
-125
What is the value of (301 - 78 - 85) + (-20 - (-2 + 3))?
117
What is 121 + (-83 - -16) + -36?
18
Evaluate 1 + 2 + -13 + (-38 - (9 - (27 - -9))).
-21
1 - 3 - (0 + 9 + -29 + 25 + 10)
-17
What is -17 - -6 - ((-30 - -31) + 14)?
-26
Calculate (37 - 16) + -21 - (-27 + 31 - (1 - 32)).
-35
28 - ((1 - 5 - (-240 + 248)) + 29)
11
Calculate (0 + 0 - 4) + (-46 - -42) + 382 + -320.
54
What is 8 + 5 + (-29 - (4 + -28))?
8
What is -93 + 39 + 39 - (-70 + 4)?
51
What is the value of (-148 - -27) + 51 + 157?
87
What is the value of -24 + 22 + -29 + -20 - -29?
-22
(-51 - -94 - 60) + 121
104
What is the value of -78 + (15 - 8) - (-2 - 23)?
-46
What is the value of (-2 - 5) + -14 - (51 - 28 - 11)?
-33
Calculate -827 - -799 - (10 - 0).
-38
Calculate (-94 - (54 + -98)) + 22.
-28
Calculate 80 - (93 - 67) - 79.
-25
(1 - -28) + (2237 - 2255)
11
Calculate -14 + 2 + -14 + (29 - (-21 - -48)).
-24
What is the value of (-8 - -45) + (80 - 106)?
11
What is the value of (-70 - -63 - (0 - -8) - (15 - 24)) + -16?
-22
10 + -2 + (2 - (45 + 5 + -4))
-36
Calculate (9 - 14) + 20 + -3 + 17 + -13 + 4.
20
(-26 - (-68 + 28)) + 30
44
Calculate 33 + -15 - 30 - (42 - 25).
-29
-33 - -2 - (104 + (-3 - 83))
-49
What is (-46 - 18 - -51) + (-33 - 0)?
-46
-5 - (-222 + 208 + (-2 - -9))
2
58 - (-9 - (148 + -94))
121
What is 10 + (4 - -17) + -130 + 115?
16
Calculate -7 + 33 + 8 + 14 + -9.
39
What is (9 - 1) + (-646 - -674) - (2 + 12)?
22
What is (-60 + 59 + -31 - 80) + 41?
-71
What is 11 + 37 + -21 - (-4 - -16)?
15
What is (-3 - (-34 - -2)) + (0 - 33 - -20)?
16
Calculate 1 + 2 + (-78 + 98 - (-4 + 45) - -5).
-13
275 - 273 - (6 - -4)
-8
-19 - 16 - (4 + 8 + (-20 - 0))
-27
Evaluate -70 - (-99 + (-48 - -90)).
-13
What is -15 + 54 + -40 + 27?
26
Calculate -14 + 63 + -104 + 37.
-18
10 + 22 + 17 + (-23 - 12) - 37
-23
What is the value of (1 - 36 - -13 - -80) + -2 + 0 - 3?
53
Calculate -35 - -9 - (-21 + -1 + 6 + 11).
-21
108 - (105 + -92 - (-28 + 0))
67
-62 - (-76 - (-40 - -98))
72
What is the value of 1 + -8 - (77 + (22 - 38 - (-6 - 3)))?
-77
What is the value of 43 + -89 + (-2 - (-2 + 3))?
-49
Calculate (0 - 85 - -38) + 61.
14
Evaluate -55 - 22 - (35 + -86).
-26
What is -11 - ((12 + -9 - -2) + -17 + 73)?
-72
-7 + 8 + (21 - (12 - 1))
11
What is the value of -14 + (53 - (79 + -18))?
-22
Evaluate 2 - (-13 - -9) - (3 + -35).
38
What is (-5 - -6 - 8) + (-33 + 34 - -45)?
39
What is the value of -29 + (-1 + 2 - 11 - (0 - (-22 + 34)))?
-27
What is the value of -111 + 100 + 54 - (22 + -2)?
23
Calculate (-1 - (-4 - 0)) + -82 - (-9378 - -9395).
-96
What is -94 + -1 + (-19 - ((-6 - 18) + 16)) + 6?
-100
Evaluate (15 - (0 + 0 + -2) - 1) + (1172 - 1165).
23
(-5 - -17) + -28 + 9 + -16
-23
Evaluate 25 + (24 - 47) - (4 + (-2 - 47)).
47
Calculate 391 + -327 + -12 + -45.
7
Evaluate (-5 + 2 - 1 - -6) + (20 - 49).
-27
What is ((-12 - 7) + 35 - -13) + (4 - (2 - -14))?
17
Calculate ((-34 - -27) + -10 - 114) + -1 + 12 - 0.
-120
What is the value of -21 + 51 - (20 + -5 + (3 - 6))?
18
What is (-5 - (0 + 5 - -7) - 26) + 17?
-26
Calculate -357 + 345 - (1 + 24).
-37
Calculate (20 - -22 - (-1 + -15 + 8)) + (-2 - 10).
38
What is the value of 2 + (-12 - (19 - (21 + -14) - 5))?
-17
What is the value of 1 - (15 + -26 - (3 + -8)) - (26 + -24)?
5
What is the value of (-9 - 28 - -2) + (-367 - -369)?
-33
What is the value of 10 - ((-3 - -4 - -16) + 83 + -92) - 46?
-44
What is -7 + (27 - (14 - -3) - 17)?
-14
What is the value of -27 + (355 - 356 - (-2 + -5))?
-21
Calculate 3 - (-43 + 41 - 55).
60
Calculate -7 + -9 + 10 + -4 + 14 + 32.
36
What is the value of (96 + -153 - 52) + 147?
38
What is 4 + (10 + -30 + 15 - 19) + -91?
-111
(-7 + -2 - (113 + -109)) + 52
39
Calculate -93 + (70 - (57 + -62)).
-18
-66 - (-14 - -10 - -37 - (19 - 1))
-81
What is 40 + -2 + -2 + 4 + -1 - (3720 + -3729)?
48
Evaluate -1 + 38 - (-10 + 14) - (-14 + -23 + 27).
43
What is 42 + -70 - (-12 + (9 - 12))?
-13
-7 + (80 - 0 - (-3 - (0 - -25) - -27))
74
What is -1 + (75 - (-2 + 4)) + (-30 - -7)?
49
What is the value of (-41 - -69) + (-12 - 1) + -47?
-32
Calculate 35 + 11 - (-28 + 37 + 10).
27
Calculate (19 - -1) + 0 + (-40 - (-14 + (1 - 13))).
6
Evaluate -7 - (-29 + 15 + 4 + 6 + -2).
-1
What is the value of 162 + 87 + -160 + -57?
32
-6 + 23 + (4 + -24 - -12)
9
What is the value of 19 - (-14 + 8 + 6 - -28) - -105?
96
What is 20 + -31 + 162 - (-12 - (1 + -36))?
128
(0 - 57) + 2473 + -2461
-45
Calculate -27 - 15 - -24 - 1.
-19
What is the value of -33 - (-15 - (-12 + (-33 - -13 - -9)))?
-41
What is -2071 + 2086 + -35 + 2 + 0?
-18
-20 + 13 + -19 + 6 - (-5 - (1 - -2))
-12
What is the value of -34 + 10 + -1 + -9 + (11 + -3 - 18)?
-44
(86 - -13 - 137) + 54
16
-9 + ((-6 - -6) + 0 - -5 - (-61 - 0))
57
Evaluate -31 + 73 - 16 - 38.
-12
2 + (-8 - -2) - (12106 + -12047)
-63
Evaluate (-38 - -154 - (31 + -2)) + 5.
92
What is the value of (-37 - -1) + -75 + (22 - -40)?
-49
Evaluate 56 - (97 + -2) - 18.
-57
What is the value of (-7 - 109) + (-105 - -148)?
-73
-14 + -23 + (40 - 16) + 33
20
What is 118 - (115 - 11) - 3?
11
Evaluate -1 + (10 + -20 + (0 - (-22 - -13)) - -88).